sands digit of 522366?
2
What is the ten thousands digit of 482917?
8
What is the ten thousands digit of 191326?
9
What is the units digit of 287552?
2
What is the ten millions digit of 11311394?
1
What is the ten thousands digit of 2473327?
7
What is the thousands digit of 183049?
3
What is the hundreds digit of 670261?
2
What is the hundred thousands digit of 158265?
1
What is the thousands digit of 1134823?
4
What is the thousands digit of 557559?
7
What is the tens digit of 707332?
3
What is the thousands digit of 6963576?
3
What is the thousands digit of 460074?
0
What is the hundred thousands digit of 3870458?
8
What is the thousands digit of 1203328?
3
What is the tens digit of 744713?
1
What is the tens digit of 2099349?
4
What is the tens digit of 9619706?
0
What is the hundred thousands digit of 741085?
7
What is the hundreds digit of 1021084?
0
What is the tens digit of 118761?
6
What is the hundreds digit of 425015?
0
What is the units digit of 112201?
1
What is the hundred thousands digit of 158439?
1
What is the units digit of 9834406?
6
What is the tens digit of 2975953?
5
What is the ten thousands digit of 2466143?
6
What is the tens digit of 9958646?
4
What is the hundred thousands digit of 18936046?
9
What is the hundreds digit of 335523?
5
What is the thousands digit of 330634?
0
What is the tens digit of 49228?
2
What is the tens digit of 1615485?
8
What is the units digit of 192924?
4
What is the thousands digit of 138766?
8
What is the units digit of 1372818?
8
What is the units digit of 500869?
9
What is the hundreds digit of 2286475?
4
What is the units digit of 209018?
8
What is the hundred thousands digit of 9674549?
6
What is the tens digit of 227012?
1
What is the tens digit of 2567240?
4
What is the hundred thousands digit of 2677567?
6
What is the thousands digit of 3307673?
7
What is the hundred thousands digit of 703705?
7
What is the ten thousands digit of 3463566?
6
What is the hundred thousands digit of 5853562?
8
What is the thousands digit of 37684?
7
What is the tens digit of 7400410?
1
What is the millions digit of 12155769?
2
What is the ten thousands digit of 285117?
8
What is the hundreds digit of 256610?
6
What is the millions digit of 6055264?
6
What is the tens digit of 23414875?
7
What is the units digit of 1173894?
4
What is the hundred thousands digit of 381384?
3
What is the hundred thousands digit of 2385320?
3
What is the hundreds digit of 117973?
9
What is the tens digit of 4594615?
1
What is the tens digit of 115014?
1
What is the millions digit of 17557129?
7
What is the hundreds digit of 4729193?
1
What is the hundreds digit of 1466441?
4
What is the tens digit of 1341358?
5
What is the hundred thousands digit of 3181101?
1
What is the hundred thousands digit of 3887603?
8
What is the hundreds digit of 1867646?
6
What is the tens digit of 1115774?
7
What is the hundred thousands digit of 240996?
2
What is the ten thousands digit of 3972719?
7
What is the hundreds digit of 47602?
6
What is the ten thousands digit of 101039?
0
What is the tens digit of 8185050?
5
What is the units digit of 155831?
1
What is the tens digit of 6338108?
0
What is the hundred thousands digit of 2518001?
5
What is the hundreds digit of 29740618?
6
What is the thousands digit of 12407525?
7
What is the millions digit of 9464637?
9
What is the hundred thousands digit of 2251225?
2
What is the tens digit of 426237?
3
What is the tens digit of 631051?
5
What is the thousands digit of 5456377?
6
What is the tens digit of 37484?
8
What is the tens digit of 878992?
9
What is the hundred thousands digit of 266083?
2
What is the millions digit of 1128707?
1
What is the hundred thousands digit of 378660?
3
What is the thousands digit of 3035374?
5
What is the hundred thousands digit of 5513432?
5
What is the tens digit of 10148118?
1
What is the hundreds digit of 15486?
4
What is the units digit of 163576?
6
What is the tens digit of 238419?
1
What is the ten thousands digit of 270512?
7
What is the hundred thousands digit of 4888955?
8
What is the ten millions digit of 11624005?
1
What is the tens digit of 171973?
7
What is the units digit of 887350?
0
What is the thousands digit of 402966?
2
What is the units digit of 12021099?
9
What is the ten thousands digit of 37179088?
7
What is the thousands digit of 760966?
0
What is the hundred thousands digit of 135454?
1
What is the tens digit of 6776431?
3
What is the hundred thousands digit of 33932939?
9
What is the millions digit of 4260260?
4
What is the hundreds digit of 161755?
7
What is the hundred thousands digit of 212386?
2
What is the thousands digit of 12533025?
3
What is the millions digit of 14795378?
4
What is the hundred thousands digit of 100571?
1
What is the units digit of 225207?
7
What is the tens digit of 4209149?
4
What is the hundred thousands digit of 232222?
2
What is the hundreds digit of 9079396?
3
What is the units digit of 3616960?
0
What is the tens digit of 257927?
2
What is the ten millions digit of 14366116?
1
What is the ten thousands digit of 4394143?
9
What is the thousands digit of 640850?
0
What is the units digit of 58679?
9
What is the hundred thousands digit of 1873004?
8
What is the hundreds digit of 1470443?
4
What is the ten thousands digit of 5004985?
0
What is the hundreds digit of 80649?
6
What is the units digit of 80064?
4
What is the millions digit of 12437646?
2
What is the ten thousands digit of 781317?
8
What is the units digit of 200149?
9
What is the ten thousands digit of 2456910?
5
What is the ten thousands digit of 638627?
3
What is the hundreds digit of 168545?
5
What is the hundreds digit of 993767?
7
What is the hundred thousands digit of 417878?
4
What is the tens digit of 42174570?
7
What is the millions digit of 23025182?
3
What is the units digit of 890144?
4
What is the tens digit of 3190093?
9
What is the ten thousands digit of 79746?
7
What is the ten thousands digit of 782836?
8
What is the ten thousands digit of 1510492?
1
What is the hundreds digit of 971110?
1
What is the ten thousands digit of 2099704?
9
What is the thousands digit of 186090?
6
What is the units digit of 113768?
8
What is the ten thousands digit of 821246?
2
What is the hundred thousands digit of 15650586?
6
What is the hundred thousands digit of 1961068?
9
What is the ten thousands digit of 412649?
1
What is the tens digit of 14502?
0
What is the tens digit of 638116?
1
What is the ten thousands digit of 1864145?
6
What is the units digit of 13165485?
5
What is the units digit of 379498?
8
What is the tens digit of 7026670?
7
What is the hundreds digit of 393586?
5
What is the ten millions digit of 25458545?
2
What is the hundred thousands digit of 404938?
4
What is the tens digit of 89758?
5
What is the hundreds digit of 110149?
1
What is the hundreds digit of 983511?
5
What is the millions digit of 11126167?
1
What is the tens digit of 716353?
5
What is the hundreds digit of 3748329?
3
What is the tens digit of 251475?
7
What is the hundred thousands digit of 100532?
1
What is the thousands digit of 2359?
2
What is the ten thousands digit of 2038006?
3
What is the ten thousands digit of 3979645?
7
What is the hundreds digit of 10511845?
8
What is the hundreds digit of 211131?
1
What is the ten thousands digit of 89354?
8
What is the ten millions digit of 34730519?
3
What is the hundreds digit of 857821?
8
What is the hundreds digit of 794242?
2
What is the ten thousands digit of 560616?
6
What is the thousands digit of 3425111?
5
What is the thousands digit of 18491019?
1
What is the thousands digit of 254455?
4
What is the hundred thousands digit of 1849993?
8
What is the thousands digit of 5049360?
9
What is the hundred thousands digit of 13972618?
9
What is the ten thousands digit of 5569810?
6
What is the hundreds digit of 2404913?
9
What is the ten thousands digit of 1259139?
5
What is the hundreds digit of 130465?
4
What is the hundreds digit of 327013?
0
What is the thousands digit of 12086951?
6
What is the thousands digit of 902587?
2
What is the tens digit of 4139435?
3
What is the units digit of 563160?
0
What is the hundred thousands digit of 219499?
2
What is the thousands digit of 169665?
9
What is the tens digit of